{"id":471,"date":"2024-07-10T17:15:56","date_gmt":"2024-07-10T15:15:56","guid":{"rendered":"https:\/\/taxi-marche-libramont.myskydoowebsite.com\/?page_id=471"},"modified":"2024-10-09T17:05:32","modified_gmt":"2024-10-09T15:05:32","slug":"taxi-ardenne","status":"publish","type":"page","link":"https:\/\/taxi-marche-libramont.myskydoowebsite.com\/?page_id=471","title":{"rendered":"Ardenne"},"content":{"rendered":"\t\t<div data-elementor-type=\"wp-page\" data-elementor-id=\"471\" class=\"elementor elementor-471\" data-elementor-post-type=\"page\">\n\t\t\t\t<div class=\"elementor-element elementor-element-e6990b5 e-con-full e-flex e-con e-parent\" data-id=\"e6990b5\" data-element_type=\"container\" data-e-type=\"container\" data-settings=\"{&quot;background_background&quot;:&quot;classic&quot;}\">\n\t\t<div class=\"elementor-element elementor-element-869287f e-con-full e-flex e-con e-child\" data-id=\"869287f\" data-element_type=\"container\" data-e-type=\"container\">\n\t\t\t\t<div class=\"elementor-element elementor-element-7d13fde elementor-invisible elementor-widget elementor-widget-heading\" data-id=\"7d13fde\" data-element_type=\"widget\" data-e-type=\"widget\" data-settings=\"{&quot;_animation&quot;:&quot;fadeInLeft&quot;}\" data-widget_type=\"heading.default\">\n\t\t\t\t<div class=\"elementor-widget-container\">\n\t\t\t\t\t<h2 class=\"elementor-heading-title elementor-size-default\">Zone Ardenne<\/h2>\t\t\t\t<\/div>\n\t\t\t\t<\/div>\n\t\t\t\t<\/div>\n\t\t\t\t<\/div>\n\t\t<div class=\"elementor-element elementor-element-d956368 e-flex e-con-boxed e-con e-parent\" data-id=\"d956368\" data-element_type=\"container\" data-e-type=\"container\" data-settings=\"{&quot;background_background&quot;:&quot;classic&quot;}\">\n\t\t\t\t\t<div class=\"e-con-inner\">\n\t\t\t\t<div class=\"elementor-element elementor-element-a69015e elementor-widget elementor-widget-heading\" data-id=\"a69015e\" data-element_type=\"widget\" data-e-type=\"widget\" data-widget_type=\"heading.default\">\n\t\t\t\t<div class=\"elementor-widget-container\">\n\t\t\t\t\t<h2 class=\"elementor-heading-title elementor-size-default\">Les incontournables de Libramont-Chevigny<\/h2>\t\t\t\t<\/div>\n\t\t\t\t<\/div>\n\t\t\t\t<div class=\"elementor-element elementor-element-ea48c56 elementor-widget elementor-widget-text-editor\" data-id=\"ea48c56\" data-element_type=\"widget\" data-e-type=\"widget\" data-widget_type=\"text-editor.default\">\n\t\t\t\t<div class=\"elementor-widget-container\">\n\t\t\t\t\t\t\t\t\t<p>Libramont-Chevigny est une commune dynamique situ\u00e9e dans la province du Luxembourg en Belgique, connue pour ses nombreux attraits naturels, culturels, et commerciaux. Voici quelques-uns des lieux les plus convoit\u00e9s et appr\u00e9ci\u00e9s \u00e0 Libramont\u00a0:<\/p>\t\t\t\t\t\t\t\t<\/div>\n\t\t\t\t<\/div>\n\t\t<div class=\"elementor-element elementor-element-d241ba1 e-con-full e-flex e-con e-child\" data-id=\"d241ba1\" data-element_type=\"container\" data-e-type=\"container\">\n\t\t<div class=\"elementor-element elementor-element-8da4a7e e-con-full e-flex e-con e-child\" data-id=\"8da4a7e\" data-element_type=\"container\" data-e-type=\"container\" data-settings=\"{&quot;background_background&quot;:&quot;classic&quot;}\">\n\t\t\t\t<\/div>\n\t\t<div class=\"elementor-element elementor-element-c543e14 e-con-full e-flex e-con e-child\" data-id=\"c543e14\" data-element_type=\"container\" data-e-type=\"container\">\n\t\t\t\t<div class=\"elementor-element elementor-element-9f8c8fe elementor-widget elementor-widget-heading\" data-id=\"9f8c8fe\" data-element_type=\"widget\" data-e-type=\"widget\" data-widget_type=\"heading.default\">\n\t\t\t\t<div class=\"elementor-widget-container\">\n\t\t\t\t\t<h2 class=\"elementor-heading-title elementor-size-default\">La Foire Agricole de Libramont<\/h2>\t\t\t\t<\/div>\n\t\t\t\t<\/div>\n\t\t\t\t<div class=\"elementor-element elementor-element-44d0031 elementor-widget elementor-widget-text-editor\" data-id=\"44d0031\" data-element_type=\"widget\" data-e-type=\"widget\" data-widget_type=\"text-editor.default\">\n\t\t\t\t<div class=\"elementor-widget-container\">\n\t\t\t\t\t\t\t\t\t<p>C&rsquo;est l&rsquo;\u00e9v\u00e9nement le plus embl\u00e9matique de la r\u00e9gion. La Foire Agricole de Libramont est l&rsquo;une des plus grandes foires agricoles d&rsquo;Europe, attirant des milliers de visiteurs chaque ann\u00e9e. C&rsquo;est un lieu de rencontre incontournable pour les agriculteurs, les entrepreneurs, et les passionn\u00e9s de l&rsquo;agriculture et de la nature.<\/p>\t\t\t\t\t\t\t\t<\/div>\n\t\t\t\t<\/div>\n\t\t\t\t<\/div>\n\t\t\t\t<\/div>\n\t\t<div class=\"elementor-element elementor-element-c15c488 e-con-full e-flex e-con e-child\" data-id=\"c15c488\" data-element_type=\"container\" data-e-type=\"container\">\n\t\t<div class=\"elementor-element elementor-element-249567d e-con-full e-flex e-con e-child\" data-id=\"249567d\" data-element_type=\"container\" data-e-type=\"container\" data-settings=\"{&quot;background_background&quot;:&quot;classic&quot;}\">\n\t\t\t\t<\/div>\n\t\t<div class=\"elementor-element elementor-element-0f2557d e-con-full e-flex e-con e-child\" data-id=\"0f2557d\" data-element_type=\"container\" data-e-type=\"container\">\n\t\t\t\t<div class=\"elementor-element elementor-element-26ea821 elementor-widget elementor-widget-heading\" data-id=\"26ea821\" data-element_type=\"widget\" data-e-type=\"widget\" data-widget_type=\"heading.default\">\n\t\t\t\t<div class=\"elementor-widget-container\">\n\t\t\t\t\t<h2 class=\"elementor-heading-title elementor-size-default\">La For\u00eat de Freyr<\/h2>\t\t\t\t<\/div>\n\t\t\t\t<\/div>\n\t\t\t\t<div class=\"elementor-element elementor-element-6801b48 elementor-widget elementor-widget-text-editor\" data-id=\"6801b48\" data-element_type=\"widget\" data-e-type=\"widget\" data-widget_type=\"text-editor.default\">\n\t\t\t\t<div class=\"elementor-widget-container\">\n\t\t\t\t\t\t\t\t\t<p>Cette for\u00eat est un endroit pris\u00e9 pour les randonn\u00e9es, les balades en nature et le VTT. Elle offre un cadre paisible et verdoyant, id\u00e9al pour se ressourcer loin de l&rsquo;agitation urbaine.<\/p>\t\t\t\t\t\t\t\t<\/div>\n\t\t\t\t<\/div>\n\t\t\t\t<\/div>\n\t\t\t\t<\/div>\n\t\t<div class=\"elementor-element elementor-element-14dcc51 e-con-full e-flex e-con e-child\" data-id=\"14dcc51\" data-element_type=\"container\" data-e-type=\"container\">\n\t\t<div class=\"elementor-element elementor-element-7ec7239 e-con-full e-flex e-con e-child\" data-id=\"7ec7239\" data-element_type=\"container\" data-e-type=\"container\" data-settings=\"{&quot;background_background&quot;:&quot;classic&quot;}\">\n\t\t\t\t<\/div>\n\t\t<div class=\"elementor-element elementor-element-ba2f13a e-con-full e-flex e-con e-child\" data-id=\"ba2f13a\" data-element_type=\"container\" data-e-type=\"container\">\n\t\t\t\t<div class=\"elementor-element elementor-element-a06748c elementor-widget elementor-widget-heading\" data-id=\"a06748c\" data-element_type=\"widget\" data-e-type=\"widget\" data-widget_type=\"heading.default\">\n\t\t\t\t<div class=\"elementor-widget-container\">\n\t\t\t\t\t<h2 class=\"elementor-heading-title elementor-size-default\">Le Mus\u00e9e des Celtes<\/h2>\t\t\t\t<\/div>\n\t\t\t\t<\/div>\n\t\t\t\t<div class=\"elementor-element elementor-element-42eb7cb elementor-widget elementor-widget-text-editor\" data-id=\"42eb7cb\" data-element_type=\"widget\" data-e-type=\"widget\" data-widget_type=\"text-editor.default\">\n\t\t\t\t<div class=\"elementor-widget-container\">\n\t\t\t\t\t\t\t\t\t<p>Situ\u00e9 \u00e0 Libramont, ce mus\u00e9e est d\u00e9di\u00e9 \u00e0 la culture celtique et pr\u00e9sente une collection fascinante d&rsquo;objets historiques. C&rsquo;est un lieu de d\u00e9couverte culturelle tr\u00e8s appr\u00e9ci\u00e9 des amateurs d&rsquo;histoire et des familles.<\/p>\t\t\t\t\t\t\t\t<\/div>\n\t\t\t\t<\/div>\n\t\t\t\t<\/div>\n\t\t\t\t<\/div>\n\t\t<div class=\"elementor-element elementor-element-8472c79 e-con-full e-flex e-con e-child\" data-id=\"8472c79\" data-element_type=\"container\" data-e-type=\"container\">\n\t\t<div class=\"elementor-element elementor-element-658d594 e-con-full e-flex e-con e-child\" data-id=\"658d594\" data-element_type=\"container\" data-e-type=\"container\" data-settings=\"{&quot;background_background&quot;:&quot;classic&quot;}\">\n\t\t\t\t<\/div>\n\t\t<div class=\"elementor-element elementor-element-c0d8684 e-con-full e-flex e-con e-child\" data-id=\"c0d8684\" data-element_type=\"container\" data-e-type=\"container\">\n\t\t\t\t<div class=\"elementor-element elementor-element-f162f6a elementor-widget elementor-widget-heading\" data-id=\"f162f6a\" data-element_type=\"widget\" data-e-type=\"widget\" data-widget_type=\"heading.default\">\n\t\t\t\t<div class=\"elementor-widget-container\">\n\t\t\t\t\t<h2 class=\"elementor-heading-title elementor-size-default\">Le Centre Culturel de Libramont<\/h2>\t\t\t\t<\/div>\n\t\t\t\t<\/div>\n\t\t\t\t<div class=\"elementor-element elementor-element-9879095 elementor-widget elementor-widget-text-editor\" data-id=\"9879095\" data-element_type=\"widget\" data-e-type=\"widget\" data-widget_type=\"text-editor.default\">\n\t\t\t\t<div class=\"elementor-widget-container\">\n\t\t\t\t\t\t\t\t\t<p>Le centre culturel de Libramont propose une large gamme d&rsquo;activit\u00e9s artistiques et culturelles, y compris des expositions, des spectacles, et des ateliers. C&rsquo;est un lieu de rencontre pour les habitants et les visiteurs int\u00e9ress\u00e9s par l&rsquo;art et la culture.<\/p>\t\t\t\t\t\t\t\t<\/div>\n\t\t\t\t<\/div>\n\t\t\t\t<\/div>\n\t\t\t\t<\/div>\n\t\t\t\t\t<\/div>\n\t\t\t\t<\/div>\n\t\t<div class=\"elementor-element elementor-element-34a76c2 e-flex e-con-boxed e-con e-parent\" data-id=\"34a76c2\" data-element_type=\"container\" data-e-type=\"container\" data-settings=\"{&quot;background_background&quot;:&quot;classic&quot;}\">\n\t\t\t\t\t<div class=\"e-con-inner\">\n\t\t<div class=\"elementor-element elementor-element-497ef0d e-con-full e-flex e-con e-child\" data-id=\"497ef0d\" data-element_type=\"container\" data-e-type=\"container\">\n\t\t<div class=\"elementor-element elementor-element-4d7ae2e e-con-full e-flex e-con e-child\" data-id=\"4d7ae2e\" data-element_type=\"container\" data-e-type=\"container\" data-settings=\"{&quot;background_background&quot;:&quot;classic&quot;}\">\n\t\t\t\t<\/div>\n\t\t<div class=\"elementor-element elementor-element-fcfab5f e-con-full e-flex e-con e-child\" data-id=\"fcfab5f\" data-element_type=\"container\" data-e-type=\"container\">\n\t\t\t\t<div class=\"elementor-element elementor-element-83033a6 elementor-widget elementor-widget-heading\" data-id=\"83033a6\" data-element_type=\"widget\" data-e-type=\"widget\" data-widget_type=\"heading.default\">\n\t\t\t\t<div class=\"elementor-widget-container\">\n\t\t\t\t\t<h2 class=\"elementor-heading-title elementor-size-default\">Les \u00c9tangs de Freux<\/h2>\t\t\t\t<\/div>\n\t\t\t\t<\/div>\n\t\t\t\t<div class=\"elementor-element elementor-element-cc45d56 elementor-widget elementor-widget-text-editor\" data-id=\"cc45d56\" data-element_type=\"widget\" data-e-type=\"widget\" data-widget_type=\"text-editor.default\">\n\t\t\t\t<div class=\"elementor-widget-container\">\n\t\t\t\t\t\t\t\t\t<p>Ces \u00e9tangs sont un lieu de d\u00e9tente pris\u00e9, parfait pour la p\u00eache ou une promenade tranquille. C&rsquo;est un endroit paisible, appr\u00e9ci\u00e9 pour sa beaut\u00e9 naturelle.<\/p>\t\t\t\t\t\t\t\t<\/div>\n\t\t\t\t<\/div>\n\t\t\t\t<\/div>\n\t\t\t\t<\/div>\n\t\t<div class=\"elementor-element elementor-element-ee68650 e-con-full e-flex e-con e-child\" data-id=\"ee68650\" data-element_type=\"container\" data-e-type=\"container\">\n\t\t<div class=\"elementor-element elementor-element-30bc546 e-con-full e-flex e-con e-child\" data-id=\"30bc546\" data-element_type=\"container\" data-e-type=\"container\" data-settings=\"{&quot;background_background&quot;:&quot;classic&quot;}\">\n\t\t\t\t<\/div>\n\t\t<div class=\"elementor-element elementor-element-5ee50f0 e-con-full e-flex e-con e-child\" data-id=\"5ee50f0\" data-element_type=\"container\" data-e-type=\"container\">\n\t\t\t\t<div class=\"elementor-element elementor-element-2920f68 elementor-widget elementor-widget-heading\" data-id=\"2920f68\" data-element_type=\"widget\" data-e-type=\"widget\" data-widget_type=\"heading.default\">\n\t\t\t\t<div class=\"elementor-widget-container\">\n\t\t\t\t\t<h2 class=\"elementor-heading-title elementor-size-default\">Le Parc Naturel de la Haute-S\u00fbre et de la For\u00eat d'Anlier<\/h2>\t\t\t\t<\/div>\n\t\t\t\t<\/div>\n\t\t\t\t<div class=\"elementor-element elementor-element-017ccee elementor-widget elementor-widget-text-editor\" data-id=\"017ccee\" data-element_type=\"widget\" data-e-type=\"widget\" data-widget_type=\"text-editor.default\">\n\t\t\t\t<div class=\"elementor-widget-container\">\n\t\t\t\t\t\t\t\t\t<p>Ce parc naturel, situ\u00e9 \u00e0 proximit\u00e9, est une destination incontournable pour les amoureux de la nature. Il offre des paysages vari\u00e9s et une riche biodiversit\u00e9, id\u00e9ale pour les randonn\u00e9es, l&rsquo;observation de la faune et la flore.<\/p>\t\t\t\t\t\t\t\t<\/div>\n\t\t\t\t<\/div>\n\t\t\t\t<\/div>\n\t\t\t\t<\/div>\n\t\t<div class=\"elementor-element elementor-element-a644704 e-con-full e-flex e-con e-child\" data-id=\"a644704\" data-element_type=\"container\" data-e-type=\"container\">\n\t\t<div class=\"elementor-element elementor-element-2178038 e-con-full e-flex e-con e-child\" data-id=\"2178038\" data-element_type=\"container\" data-e-type=\"container\" data-settings=\"{&quot;background_background&quot;:&quot;classic&quot;}\">\n\t\t\t\t<\/div>\n\t\t<div class=\"elementor-element elementor-element-91fbb82 e-con-full e-flex e-con e-child\" data-id=\"91fbb82\" data-element_type=\"container\" data-e-type=\"container\">\n\t\t\t\t<div class=\"elementor-element elementor-element-3223ff0 elementor-widget elementor-widget-heading\" data-id=\"3223ff0\" data-element_type=\"widget\" data-e-type=\"widget\" data-widget_type=\"heading.default\">\n\t\t\t\t<div class=\"elementor-widget-container\">\n\t\t\t\t\t<h2 class=\"elementor-heading-title elementor-size-default\">Le Chemin de Fer du Bocq<\/h2>\t\t\t\t<\/div>\n\t\t\t\t<\/div>\n\t\t\t\t<div class=\"elementor-element elementor-element-63648f8 elementor-widget elementor-widget-text-editor\" data-id=\"63648f8\" data-element_type=\"widget\" data-e-type=\"widget\" data-widget_type=\"text-editor.default\">\n\t\t\t\t<div class=\"elementor-widget-container\">\n\t\t\t\t\t\t\t\t\t<p>Cette attraction touristique offre un voyage en train \u00e0 vapeur \u00e0 travers des paysages pittoresques, permettant aux visiteurs de d\u00e9couvrir la r\u00e9gion sous un angle diff\u00e9rent.<\/p><p>\u00a0<\/p>\t\t\t\t\t\t\t\t<\/div>\n\t\t\t\t<\/div>\n\t\t\t\t<\/div>\n\t\t\t\t<\/div>\n\t\t<div class=\"elementor-element elementor-element-5062129 e-con-full e-flex e-con e-child\" data-id=\"5062129\" data-element_type=\"container\" data-e-type=\"container\">\n\t\t<div class=\"elementor-element elementor-element-9e71525 e-con-full e-flex e-con e-child\" data-id=\"9e71525\" data-element_type=\"container\" data-e-type=\"container\" data-settings=\"{&quot;background_background&quot;:&quot;classic&quot;}\">\n\t\t\t\t<\/div>\n\t\t<div class=\"elementor-element elementor-element-6e4ac14 e-con-full e-flex e-con e-child\" data-id=\"6e4ac14\" data-element_type=\"container\" data-e-type=\"container\">\n\t\t\t\t<div class=\"elementor-element elementor-element-2e0cbbb elementor-widget elementor-widget-heading\" data-id=\"2e0cbbb\" data-element_type=\"widget\" data-e-type=\"widget\" data-widget_type=\"heading.default\">\n\t\t\t\t<div class=\"elementor-widget-container\">\n\t\t\t\t\t<h2 class=\"elementor-heading-title elementor-size-default\">L'Abbaye d'Orval<\/h2>\t\t\t\t<\/div>\n\t\t\t\t<\/div>\n\t\t\t\t<div class=\"elementor-element elementor-element-1b1a4eb elementor-widget elementor-widget-text-editor\" data-id=\"1b1a4eb\" data-element_type=\"widget\" data-e-type=\"widget\" data-widget_type=\"text-editor.default\">\n\t\t\t\t<div class=\"elementor-widget-container\">\n\t\t\t\t\t\t\t\t\t<p>Bien que situ\u00e9e un peu en dehors de Libramont, l&rsquo;abbaye d&rsquo;Orval est une destination populaire pour les visiteurs de la r\u00e9gion. C\u00e9l\u00e8bre pour sa bi\u00e8re trappiste, elle est \u00e9galement un lieu de retraite spirituelle et de tranquillit\u00e9.<\/p>\t\t\t\t\t\t\t\t<\/div>\n\t\t\t\t<\/div>\n\t\t\t\t<\/div>\n\t\t\t\t<\/div>\n\t\t\t\t<div class=\"elementor-element elementor-element-1d0a8e3 elementor-widget elementor-widget-text-editor\" data-id=\"1d0a8e3\" data-element_type=\"widget\" data-e-type=\"widget\" data-widget_type=\"text-editor.default\">\n\t\t\t\t<div class=\"elementor-widget-container\">\n\t\t\t\t\t\t\t\t\t<p>Ces lieux font de Libramont-Chevigny une destination riche en diversit\u00e9, alliant nature, culture, et \u00e9v\u00e9nements, et en font un endroit pris\u00e9 tant pour les habitants que pour les visiteurs.<\/p>\t\t\t\t\t\t\t\t<\/div>\n\t\t\t\t<\/div>\n\t\t\t\t\t<\/div>\n\t\t\t\t<\/div>\n\t\t<div class=\"elementor-element elementor-element-68a785a e-flex e-con-boxed e-con e-parent\" data-id=\"68a785a\" data-element_type=\"container\" data-e-type=\"container\" data-settings=\"{&quot;background_background&quot;:&quot;classic&quot;}\">\n\t\t\t\t\t<div class=\"e-con-inner\">\n\t\t\t\t<div class=\"elementor-element elementor-element-bff106c elementor-widget elementor-widget-heading\" data-id=\"bff106c\" data-element_type=\"widget\" data-e-type=\"widget\" data-widget_type=\"heading.default\">\n\t\t\t\t<div class=\"elementor-widget-container\">\n\t\t\t\t\t<h2 class=\"elementor-heading-title elementor-size-default\">Nos partenaires<\/h2>\t\t\t\t<\/div>\n\t\t\t\t<\/div>\n\t\t<div class=\"elementor-element elementor-element-a4acd0d e-con-full e-flex e-con e-child\" data-id=\"a4acd0d\" data-element_type=\"container\" data-e-type=\"container\">\n\t\t\t\t<div class=\"elementor-element elementor-element-736e29f elementor-widget elementor-widget-image\" data-id=\"736e29f\" data-element_type=\"widget\" data-e-type=\"widget\" data-widget_type=\"image.default\">\n\t\t\t\t<div class=\"elementor-widget-container\">\n\t\t\t\t\t\t\t\t\t\t\t\t\t\t\t<img fetchpriority=\"high\" decoding=\"async\" width=\"1920\" height=\"1080\" src=\"https:\/\/taxi-marche-libramont.myskydoowebsite.com\/wp-content\/uploads\/Untitled-design-2024-08-29T154732.861.png\" class=\"attachment-large size-large wp-image-1576\" alt=\"\" srcset=\"https:\/\/taxi-marche-libramont.myskydoowebsite.com\/wp-content\/uploads\/Untitled-design-2024-08-29T154732.861.png 1920w, https:\/\/taxi-marche-libramont.myskydoowebsite.com\/wp-content\/uploads\/Untitled-design-2024-08-29T154732.861-768x432.png 768w, https:\/\/taxi-marche-libramont.myskydoowebsite.com\/wp-content\/uploads\/Untitled-design-2024-08-29T154732.861-1536x864.png 1536w\" sizes=\"(max-width: 1920px) 100vw, 1920px\" \/>\t\t\t\t\t\t\t\t\t\t\t\t\t\t\t<\/div>\n\t\t\t\t<\/div>\n\t\t\t\t<div class=\"elementor-element elementor-element-9d71295 elementor-widget elementor-widget-image\" data-id=\"9d71295\" data-element_type=\"widget\" data-e-type=\"widget\" data-widget_type=\"image.default\">\n\t\t\t\t<div class=\"elementor-widget-container\">\n\t\t\t\t\t\t\t\t\t\t\t\t\t\t\t<img decoding=\"async\" width=\"1920\" height=\"1080\" src=\"https:\/\/taxi-marche-libramont.myskydoowebsite.com\/wp-content\/uploads\/Untitled-design-2024-08-29T154640.244.png\" class=\"attachment-large size-large wp-image-1575\" alt=\"\" srcset=\"https:\/\/taxi-marche-libramont.myskydoowebsite.com\/wp-content\/uploads\/Untitled-design-2024-08-29T154640.244.png 1920w, https:\/\/taxi-marche-libramont.myskydoowebsite.com\/wp-content\/uploads\/Untitled-design-2024-08-29T154640.244-768x432.png 768w, https:\/\/taxi-marche-libramont.myskydoowebsite.com\/wp-content\/uploads\/Untitled-design-2024-08-29T154640.244-1536x864.png 1536w\" sizes=\"(max-width: 1920px) 100vw, 1920px\" \/>\t\t\t\t\t\t\t\t\t\t\t\t\t\t\t<\/div>\n\t\t\t\t<\/div>\n\t\t\t\t<\/div>\n\t\t\t\t\t<\/div>\n\t\t\t\t<\/div>\n\t\t<div class=\"elementor-element elementor-element-2ff388b e-con-full e-flex e-con e-parent\" data-id=\"2ff388b\" data-element_type=\"container\" data-e-type=\"container\">\n\t\t\t\t<div class=\"elementor-element elementor-element-7bf2b49 elementor-widget elementor-widget-google_maps\" data-id=\"7bf2b49\" data-element_type=\"widget\" data-e-type=\"widget\" data-widget_type=\"google_maps.default\">\n\t\t\t\t<div class=\"elementor-widget-container\">\n\t\t\t\t\t\t\t<div class=\"elementor-custom-embed\">\n\t\t\t<iframe loading=\"lazy\"\n\t\t\t\t\tsrc=\"https:\/\/maps.google.com\/maps?q=gare%20de%20libramont%20&#038;t=m&#038;z=9&#038;output=embed&#038;iwloc=near\"\n\t\t\t\t\ttitle=\"gare de libramont \"\n\t\t\t\t\taria-label=\"gare de libramont \"\n\t\t\t><\/iframe>\n\t\t<\/div>\n\t\t\t\t\t\t<\/div>\n\t\t\t\t<\/div>\n\t\t\t\t<\/div>\n\t\t\t\t<\/div>\n\t\t","protected":false},"excerpt":{"rendered":"<p>Zone Ardenne Les incontournables de Libramont-Chevigny Libramont-Chevigny est une commune dynamique situ\u00e9e dans la province du Luxembourg en Belgique, connue pour ses nombreux attraits naturels, culturels, et commerciaux. Voici quelques-uns des lieux les plus convoit\u00e9s et appr\u00e9ci\u00e9s \u00e0 Libramont\u00a0: La Foire Agricole de Libramont C&rsquo;est l&rsquo;\u00e9v\u00e9nement le plus embl\u00e9matique de la r\u00e9gion. La Foire Agricole [&hellip;]<\/p>\n","protected":false},"author":1,"featured_media":0,"parent":0,"menu_order":0,"comment_status":"closed","ping_status":"closed","template":"","meta":{"footnotes":""},"class_list":["post-471","page","type-page","status-publish","hentry"],"_links":{"self":[{"href":"https:\/\/taxi-marche-libramont.myskydoowebsite.com\/index.php?rest_route=\/wp\/v2\/pages\/471","targetHints":{"allow":["GET"]}}],"collection":[{"href":"https:\/\/taxi-marche-libramont.myskydoowebsite.com\/index.php?rest_route=\/wp\/v2\/pages"}],"about":[{"href":"https:\/\/taxi-marche-libramont.myskydoowebsite.com\/index.php?rest_route=\/wp\/v2\/types\/page"}],"author":[{"embeddable":true,"href":"https:\/\/taxi-marche-libramont.myskydoowebsite.com\/index.php?rest_route=\/wp\/v2\/users\/1"}],"replies":[{"embeddable":true,"href":"https:\/\/taxi-marche-libramont.myskydoowebsite.com\/index.php?rest_route=%2Fwp%2Fv2%2Fcomments&post=471"}],"version-history":[{"count":259,"href":"https:\/\/taxi-marche-libramont.myskydoowebsite.com\/index.php?rest_route=\/wp\/v2\/pages\/471\/revisions"}],"predecessor-version":[{"id":1989,"href":"https:\/\/taxi-marche-libramont.myskydoowebsite.com\/index.php?rest_route=\/wp\/v2\/pages\/471\/revisions\/1989"}],"wp:attachment":[{"href":"https:\/\/taxi-marche-libramont.myskydoowebsite.com\/index.php?rest_route=%2Fwp%2Fv2%2Fmedia&parent=471"}],"curies":[{"name":"wp","href":"https:\/\/api.w.org\/{rel}","templated":true}]}}